).
-14
Let i(u) = 11*u + 3. What is i(-2)?
-19
Let h(t) = -t**3 - 24*t**2 - 28*t - 115. What is h(-23)?
0
Let n(y) = 5*y**3 - 3*y**2 - y. Calculate n(-1).
-7
Let l(p) = p**2 + 10*p - 22. What is l(2)?
2
Let d(t) = 2*t - 32. What is d(-5)?
-42
Let d(f) = 3*f**3 - 2*f + 1. Give d(-1).
0
Let i(s) = -s**3 + 8*s**2 - 30*s + 109. What is i(6)?
1
Let u(l) = l**2 + 21*l - 51. Calculate u(-23).
-5
Let p(b) = -b**3 - 25*b**2 - 84*b + 14. What is p(-21)?
14
Let t(s) = s**2 - 4*s + 4. What is t(4)?
4
Let o(p) = -58*p**3 + 2*p**2 - p. What is o(1)?
-57
Let o(c) = 5*c + 22. Give o(-9).
-23
Let u(w) = 2*w + 12. What is u(0)?
12
Let l(d) = 63*d + 563. Determine l(-9).
-4
Let j(s) = -3*s - 37. What is j(-9)?
-10
Let k(y) = -y**3 + 2*y**2 - 2*y - 2. Give k(2).
-6
Let o(w) = -w**2 - 7*w - 10. Give o(-7).
-10
Let x(q) = -q**3 + 8*q**2 + 4*q - 29. Calculate x(8).
3
Let f(b) = -18*b + 114. Determine f(6).
6
Let w(k) = -3*k**2 + 2*k - 2. Determine w(4).
-42
Let x(v) = v**3 - 10*v**2 - 21*v - 21. Calculate x(12).
15
Let o(n) = n**2 - 34*n + 32. Determine o(33).
-1
Let d(o) = -o**3 - 5*o**2 + 4*o + 12. What is d(-5)?
-8
Let n(x) = -x**3 - x**2 + 35*x - 58. What is n(2)?
0
Let h(y) = -6*y + 1. What is h(-2)?
13
Let p(x) = -x**3 - 16*x**2 - 26*x - 8. Calculate p(-14).
-36
Let v(p) = 3*p + 4. What is v(-3)?
-5
Let s(w) = 8*w**2 - 20*w - 19. What is s(-1)?
9
Let v(t) = 38*t + 51. Calculate v(-1).
13
Let m(c) = c**3 + 19*c**2 - 43*c - 23. Calculate m(-21).
-2
Let c(m) = -m + 47. Calculate c(27).
20
Let s(v) = v**3 - 4*v**2 - 11*v + 23. What is s(5)?
-7
Let w(q) = -q**2 - 5*q. Give w(-6).
-6
Let i(g) = -5*g - 23. Determine i(0).
-23
Let r(v) = -v**3 - 13*v**2 + 3*v + 37. What is r(-13)?
-2
Let h(j) = j**2 + j + 20. Give h(0).
20
Let s(g) = g**3 + 15*g**2 - 37*g - 51. Calculate s(-17).
0
Let y(h) = 4*h**2 + 18*h - 3. Determine y(-5).
7
Let g(d) = d**3 + 23*d**2 - 14. Determine g(-23).
-14
Let d(x) = 7*x**2 + x + 1. Give d(-1).
7
Let x(g) = 4*g**2 + 6*g - 9. Calculate x(4).
79
Let o(z) = -z**3 - 12*z**2 + 15*z + 30. Determine o(-13).
4
Let p(a) = -22*a - 4. Determine p(-1).
18
Let d(z) = 70*z - 411. Give d(6).
9
Let r(m) = 5*m**2 + m + 4. Calculate r(-2).
22
Let j(h) = h**3 + 6*h**2 + 10*h + 2. Determine j(-5).
-23
Let v(n) = -n**2 - 6*n - 4. Give v(-4).
4
Let l(f) = f**3 + 54*f**2 - 52*f + 153. Calculate l(-55).
-12
Let x(n) = 6*n**2 + n - 1. Determine x(-4).
91
Let i(a) = 23*a + 244. Give i(-11).
-9
Let n(g) = g + 6. Give n(-33).
-27
Let u(w) = -10*w + 47. Determine u(6).
-13
Let v(w) = -w**2 - w + 11. Determine v(-4).
-1
Let l(i) = -4*i - 1. Give l(-7).
27
Let w(s) = 4*s - 1. What is w(-3)?
-13
Let p(x) = -3*x**2 + 48*x + 6. Give p(16).
6
Let x(g) = 6*g**2. What is x(-1)?
6
Let w(p) = p**2 - 23*p - 50. Give w(25).
0
Let h(d) = 8*d**2 - 59*d - 1. Determine h(7).
-22
Let z(q) = q**3 - q**2 - 5*q + 16. Calculate z(0).
16
Let c(x) = 5*x**3 + 3*x**2 + 3*x + 1. Calculate c(-2).
-33
Let f(n) = -4*n + 177. Determine f(31).
53
Let u(g) = -2*g**3 + g**2 + 3*g + 1. Give u(-2).
15
Let d(q) = 7*q**2 + 5*q + 1. Calculate d(1).
13
Let i(m) = -3*m**3 + 2*m**2 + 6*m - 2. What is i(-2)?
18
Let s(m) = -m**2 + 15*m - 75. Determine s(10).
-25
Let b(c) = c**3 - 18*c**2 + 30*c + 14. Determine b(16).
-18
Let w(x) = -3*x**2 - 3*x - 4. Determine w(-1).
-4
Let h(x) = -x**2 - 4*x + 4. Calculate h(2).
-8
Let i(m) = 19*m - 32. Give i(2).
6
Let r(u) = -u**3 - 5*u**2 - 4*u - 5. Give r(-4).
-5
Let i(g) = g**3 - 6*g**2 - 7*g + 10. Calculate i(7).
10
Let v(a) = -a**2 + 11*a + 7. Determine v(12).
-5
Let h(t) = -74*t. Calculate h(1).
-74
Let w(m) = m + 17. What is w(-10)?
7
Let s(w) = 4*w + 2. Determine s(-4).
-14
Let h(x) = -x**3 - 6*x**2 + 10*x + 9. Determine h(-7).
-12
Let b(k) = 3*k + 124. What is b(-33)?
25
Let j(r) = -r - 48. Determine j(0).
-48
Let s(x) = -9*x + 6. Give s(5).
-39
Let u(d) = 9*d - 2. Calculate u(1).
7
Let m(k) = -k**3 + 14*k**2 - 24*k + 9. Give m(12).
9
Let t(u) = -u - 4. Give t(13).
-17
Let v(f) = 16*f**2 + 3*f - 2. Determine v(1).
17
Let u(d) = -d**2 + 31*d - 145. Give u(25).
5
Let z(q) = -2*q**2 + 10*q + 5. What is z(5)?
5
Let s(g) = -g**3 - 2*g**2 - g - 26. Give s(0).
-26
Let p(z) = -z**3 + 3*z**2 + 3*z + 4. Give p(5).
-31
Let q(l) = 2*l**2 + 5*l - 5. Give q(-3).
-2
Let u(w) = -4*w**3 + w**2 - 2*w + 10. Give u(0).
10
Let o(x) = 2*x**2 - 19*x - 21. What is o(10)?
-11
Let t(m) = 11*m**2 - 4*m + 2. Determine t(3).
89
Let r(y) = y - 41. Calculate r(38).
-3
Let s(p) = p**3 - p**2 - 15*p + 12. What is s(-6)?
-150
Let n(d) = -d**3 + 5*d**2 - 8*d + 13. What is n(3)?
7
Let w(j) = 33*j + 97. Give w(-4).
-35
Let j(d) = -d + 6. Determine j(-12).
18
Let g(k) = k**2 + 9*k + 17. Give g(-6).
-1
Let p(c) = c**3 + 7*c**2 - 23*c + 48. Give p(-10).
-22
Let v(r) = r**2 - 4*r - 6. Give v(4).
-6
Let o(y) = y**3 + 20*y**2 + 22*y + 66. What is o(-19)?
9
Let d(o) = o**2 - 7*o - 5. Determine d(-2).
13
Let h(u) = -2*u + 15. What is h(6)?
3
Let r(j) = -3*j - 25. Calculate r(-13).
14
Let w(p) = p**3 + 16*p**2 + p + 17. Determine w(-16).
1
Let s(h) = h**2 + 15*h - 99. What is s(-20)?
1
Let g(t) = -t**3 - 9*t**2 + 8*t - 15. Give g(-10).
5
Let r(k) = 28*k - 33. What is r(6)?
135
Let t(u) = u**2 - 12*u + 20. What is t(11)?
9
Let k(l) = -l**3 + 14*l**2 - 23*l + 3. Give k(12).
15
Let k(y) = y**3 - 6*y**2 - 12*y + 33. Calculate k(7).
-2
Let p(n) = -11*n. Give p(-4).
44
Let i(y) = -17*y**2 + 2*y + 1. Give i(-1).
-18
Let m(q) = 2*q**2 - 19*q - 17. Give m(10).
-7
Let w(g) = g**3 - 15*g**2 + 26*g + 1. What is w(13)?
1
Let z(g) = 28*g - 1823. What is z(65)?
-3
Let j(n) = n**2 - 15*n + 54. What is j(9)?
0
Let n(w) = -2*w**3 - 2*w**2 - 4*w - 3. Give n(-2).
13
Let t(c) = c**3 - 7*c**2 + c + 3. Calculate t(7).
10
Let t(a) = a**2 + 7*a - 13. Determine t(-9).
5
Let h(a) = -a**2 + 5*a + 41. Give h(-5).
-9
Let l(i) = -3*i**2 + 3. Calculate l(-2).
-9
Let o(k) = 5*k**2 - 2. Give o(2).
18
Let n(s) = 2*s**3 + 113*s**2 - 56*s + 63. Determine n(-57).
6
Let w(v) = -v**3 - 2*v**2 + 7*v + 7. What is w(-3)?
-5
Let q(x) = 12*x - 135. What is q(11)?
-3
Let b(j) = j**2 - 11*j + 15. What is b(7)?
-13
Let c(j) = j**3 - 26*j**2 - 272*j + 17. Give c(34).
17
Let r(u) = -u**3 + 10*u**2 - u + 2. Give r(10).
-8
Let j(z) = 4*z**2 - 7*z - 3. What is j(-1)?
8
Let g(t) = t**3 + 5*t**2 + 2*t - 3. What is g(-4)?
5
Let i(a) = 9*a**3 - 2*a**2 + a. Calculate i(1).
8
Let j(y) = y**3 + 4*y**2 + 4*y - 3. What is j(-5)?
-48
Let g(t) = t**3 + 8*t**2 + 12*t - 9. Give g(-6).
-9
Let d(x) = 2*x + 21. Give d(7).
35
Let o(q) = q**3 - 11*q**2 + 7*q + 6. What is o(10)?
-24
Let u(x) = 5*x + 107. Calculate u(-24).
-13
Let w(i) = 102*i - 714. Give w(7).
0
Let s(f) = f**2 - 17*f + 37. Give s(18).
55
Let v(b) = 4*b**2 + 5*b - 14. Determine v(2).
12
Let p(z) = 26*z - 8. Determine p(4).
96
Let f(b) = -b**2 - 7*b - 11. Calculate f(0).
-11
Let p(h) = -2*h + 10. Determine p(-4).
18
Let b(s) = -s**2 + 11*s - 23. Determine b(12).
-35
Let b(m) = -m**2 - 23*m + 61. Calculate b(-25).
11
Let c(d) = -d**2 + 4*d + 6. Determine c(4).
6
Let d(t) = 14*t - 8. What is d(-4)?
-64
Let n(b) = b**2 + 20. What is n(-9)?
101
Let w(m) = -m**2 + 31*m + 1. What is w(0)?
1
Let q(w) = -8*w - 6. Give q(6).
-54
Let q(s) = -s**3 + 14*s**2 + 14*s + 6. Give q(15).
-9
Let z(s) = -s - 31. Give z(-22).
-9
Let g(f) = f**3 - 20*f**2 + 4*f + 7. Give g(20).
87
Let r(p) = -p**3 + 3*p**2 - 5*p + 1. What is r(4)?
-35
Let y(x) = -x**3 - 5*x**2 - 5*x - 6. Determine y(-4).
-2
Let l(j) = -j + 11. Calculate l(-7).
18
Let x(i) = i**3 + 3*i**2 - 2*i - 2. Determine x(-5).
-42
Let d(l) = -3*l**2 - 36*l - 10. What is d(-12)?
-10
Let z(j) = 82*j**3 + j**2 + j + 1. Determine z(-1).
-81
Let n(l) = -l**2 - 3*l + 1. Give n(-5).
-9
Let r(u) = -u**2 - 2*u - 6. Determine r(4).
-30
Let z(j) = -j**3 + j**2 - 3. Give z(3).
-21
Let w(t) = -t**3 + 13*t**2 + 6. Calculate w(13).
6
Let t(a) = 51*a + 418. Determine t(-8).
10
Let o(m) = -2*m**2 + 5*m - 4. Calculate o(3).
-7
Let f(y) = -y**3 - 4*y**2 - 4*y - 1. Give f(-4).
15
Let w(g) = 3*g - 8. Give w(6).
10
Let b(v) = v**3 - 12*v**2 - v + 10. Give b(12).
-2
Let z(y) = -22*y + 88. Determine z(5).
-22
Let z(s) = -18*s - 77. Give z(-4).
-5
Let h(l) = l**3 - l**2 - 14*l + 28. What is h(2)?
4
Let t(j) = -j**3 + 7*j**2 + j + 18. What is t(8)?
-38
Let f(x) = 10*x**3 - 2*x**2 + 6*x - 5. Calculate f(1)